{"id":1115,"date":"2013-06-19T10:42:30","date_gmt":"2013-06-19T09:42:30","guid":{"rendered":"http:\/\/petitmammouthlaineux.fr\/?page_id=1115"},"modified":"2017-01-21T13:31:06","modified_gmt":"2017-01-21T12:31:06","slug":"polo-ete-enfant","status":"publish","type":"page","link":"https:\/\/petitmammouthlaineux.fr\/?page_id=1115","title":{"rendered":"Polo \u00e9t\u00e9 enfant"},"content":{"rendered":"<p>&nbsp;<\/p>\n<p><a href=\"https:\/\/petitmammouthlaineux.fr\/wp-content\/uploads\/IMG_1974.jpg\"><img loading=\"lazy\" decoding=\"async\" class=\"alignleft size-medium wp-image-851\" src=\"https:\/\/petitmammouthlaineux.fr\/wp-content\/uploads\/IMG_1974-300x225.jpg\" alt=\"IMG_1974\" width=\"300\" height=\"225\" srcset=\"https:\/\/petitmammouthlaineux.fr\/wp-content\/uploads\/IMG_1974-300x225.jpg 300w, https:\/\/petitmammouthlaineux.fr\/wp-content\/uploads\/IMG_1974.jpg 1024w\" sizes=\"(max-width: 300px) 85vw, 300px\" \/><\/a><\/p>\n<p>&nbsp;<\/p>\n<p>Polo 2 ans<\/p>\n<p>R\u00e9alis\u00e9 en Paper Phil de Phildar<\/p>\n<p>&nbsp;<\/p>\n<p>&nbsp;<\/p>\n<p>&nbsp;<\/p>\n<p>Forme droite tr\u00e8s simple avec augmentations pour les manches.<\/p>\n<p>Tricot\u00e9 en deux morceaux assembl\u00e9s par une couture de c\u00f4t\u00e9.<\/p>\n<p>Encolure tunisienne.<\/p>\n","protected":false},"excerpt":{"rendered":"<p>&nbsp; &nbsp; Polo 2 ans R\u00e9alis\u00e9 en Paper Phil de Phildar &nbsp; &nbsp; &nbsp; Forme droite tr\u00e8s simple avec augmentations pour les manches. Tricot\u00e9 en deux morceaux assembl\u00e9s par une couture de c\u00f4t\u00e9. Encolure tunisienne.<\/p>\n","protected":false},"author":1,"featured_media":0,"parent":3616,"menu_order":0,"comment_status":"open","ping_status":"open","template":"","meta":{"footnotes":""},"class_list":["post-1115","page","type-page","status-publish","hentry"],"_links":{"self":[{"href":"https:\/\/petitmammouthlaineux.fr\/index.php?rest_route=\/wp\/v2\/pages\/1115"}],"collection":[{"href":"https:\/\/petitmammouthlaineux.fr\/index.php?rest_route=\/wp\/v2\/pages"}],"about":[{"href":"https:\/\/petitmammouthlaineux.fr\/index.php?rest_route=\/wp\/v2\/types\/page"}],"author":[{"embeddable":true,"href":"https:\/\/petitmammouthlaineux.fr\/index.php?rest_route=\/wp\/v2\/users\/1"}],"replies":[{"embeddable":true,"href":"https:\/\/petitmammouthlaineux.fr\/index.php?rest_route=%2Fwp%2Fv2%2Fcomments&post=1115"}],"version-history":[{"count":0,"href":"https:\/\/petitmammouthlaineux.fr\/index.php?rest_route=\/wp\/v2\/pages\/1115\/revisions"}],"up":[{"embeddable":true,"href":"https:\/\/petitmammouthlaineux.fr\/index.php?rest_route=\/wp\/v2\/pages\/3616"}],"wp:attachment":[{"href":"https:\/\/petitmammouthlaineux.fr\/index.php?rest_route=%2Fwp%2Fv2%2Fmedia&parent=1115"}],"curies":[{"name":"wp","href":"https:\/\/api.w.org\/{rel}","templated":true}]}}