{"id":173,"date":"2013-03-28T12:06:08","date_gmt":"2013-03-28T11:06:08","guid":{"rendered":"http:\/\/petitmammouthlaineux.fr\/?page_id=173"},"modified":"2013-04-05T12:15:24","modified_gmt":"2013-04-05T11:15:24","slug":"guetres","status":"publish","type":"page","link":"https:\/\/petitmammouthlaineux.fr\/?page_id=173","title":{"rendered":"Gu\u00eatres"},"content":{"rendered":"<p>Tuto\u00a0adapt\u00e9 du mod\u00e8le \u00ab\u00a0Gu\u00eatres tress\u00e9es\u00a0\u00bb par <a href=\"http:\/\/www.knitpicks.com\/patterns\/cabled-legwarmers-pattern.html\">Knit Picks Design\u00a0<\/a><\/p>\n<p>Laine utilis\u00e9e : Impact 3.5 de Phildar (3 pelotes) mais cette qualit\u00e9 n&rsquo;\u00e9tant plus commercialis\u00e9e, voici les indications pour lui substituer une autre qualit\u00e9 :<\/p>\n<p>\u00e9chantillon de 10cm : 23mx30rgs (aig.3.5)<\/p>\n<p>m\u00e9trage pour une pelote environ 134m<\/p>\n<p>J&rsquo;ai tricot\u00e9 en rond avec des aiguilles \u00e0 double pointe 3 et 3.5<\/p>\n<p><strong>Dimensions\u00a0des gu\u00eatres<\/strong>: environ 30cm de circonf\u00e9rence et 40cm de long<\/p>\n<p><strong>Point employ\u00e9s<\/strong>:<\/p>\n<p>c\u00f4tes 2&#215;2 : 2m envers, 2m endroit<\/p>\n<p>point \u00e0 torsades sur un nombre de mailles multiple de 12 :<\/p>\n<p>1er rang : 2m envers, 2m endroit, glisser les 2m suivantes sur une aig \u00e0 torsade derri\u00e8re le travail, tricoter \u00e0 l&rsquo;endroit les 2m suivantes, puis les 2m de l&rsquo;aiguille \u00e0 torsade \u00e0 l&rsquo;endroit, 2m envers, 2m endroit<\/p>\n<p>2\u00e8me et 4\u00e8me rangs : 2m envers, 6m endroit, 2m envers, 2m endroit<\/p>\n<p>3\u00e8me rang : 2m envers, glisser les 2m suivantes sur une aig \u00e0 torsade\u00a0devant le travail, tricoter \u00e0 l&rsquo;endroit les 2m suivantes, puis les 2m de l&rsquo;aiguille \u00e0 torsade \u00e0 l&rsquo;endroit, 2m endroit, 2m envers, 2m endroit<\/p>\n<figure id=\"attachment_57\" aria-describedby=\"caption-attachment-57\" style=\"width: 300px\" class=\"wp-caption alignnone\"><a href=\"https:\/\/petitmammouthlaineux.fr\/wp-content\/uploads\/IMG_1543.jpg\"><img loading=\"lazy\" decoding=\"async\" class=\"size-medium wp-image-57\" alt=\"gu\u00eatres - point de torsade avec aiguille auxiliaire\" src=\"https:\/\/petitmammouthlaineux.fr\/wp-content\/uploads\/IMG_1543-300x225.jpg\" width=\"300\" height=\"225\" srcset=\"https:\/\/petitmammouthlaineux.fr\/wp-content\/uploads\/IMG_1543-300x225.jpg 300w, https:\/\/petitmammouthlaineux.fr\/wp-content\/uploads\/IMG_1543.jpg 1024w\" sizes=\"(max-width: 300px) 85vw, 300px\" \/><\/a><figcaption id=\"caption-attachment-57\" class=\"wp-caption-text\">gu\u00eatres &#8211; point de torsade avec aiguille auxiliaire<\/figcaption><\/figure>\n<figure id=\"attachment_59\" aria-describedby=\"caption-attachment-59\" style=\"width: 300px\" class=\"wp-caption alignnone\"><a href=\"https:\/\/petitmammouthlaineux.fr\/wp-content\/uploads\/IMG_1545.jpg\"><img loading=\"lazy\" decoding=\"async\" class=\"size-medium wp-image-59\" alt=\"gu\u00eatres - torsades\" src=\"https:\/\/petitmammouthlaineux.fr\/wp-content\/uploads\/IMG_1545-300x225.jpg\" width=\"300\" height=\"225\" srcset=\"https:\/\/petitmammouthlaineux.fr\/wp-content\/uploads\/IMG_1545-300x225.jpg 300w, https:\/\/petitmammouthlaineux.fr\/wp-content\/uploads\/IMG_1545.jpg 1024w\" sizes=\"(max-width: 300px) 85vw, 300px\" \/><\/a><figcaption id=\"caption-attachment-59\" class=\"wp-caption-text\">gu\u00eatres &#8211; torsades<\/figcaption><\/figure>\n<p>&nbsp;<\/p>\n<p><strong>R\u00e9alisation<\/strong><\/p>\n<p>monter 72m avec les aiguilles 3, tricoter en rond en c\u00f4tes 2&#215;2 sur 5 cm, en commen\u00e7ant par 2m envers<\/p>\n<figure id=\"attachment_55\" aria-describedby=\"caption-attachment-55\" style=\"width: 300px\" class=\"wp-caption alignnone\"><a href=\"https:\/\/petitmammouthlaineux.fr\/wp-content\/uploads\/IMG_1541.jpg\"><img loading=\"lazy\" decoding=\"async\" class=\"size-medium wp-image-55\" alt=\"gu\u00eatres - c\u00f4tes 2x2\" src=\"https:\/\/petitmammouthlaineux.fr\/wp-content\/uploads\/IMG_1541-300x225.jpg\" width=\"300\" height=\"225\" srcset=\"https:\/\/petitmammouthlaineux.fr\/wp-content\/uploads\/IMG_1541-300x225.jpg 300w, https:\/\/petitmammouthlaineux.fr\/wp-content\/uploads\/IMG_1541.jpg 1024w\" sizes=\"(max-width: 300px) 85vw, 300px\" \/><\/a><figcaption id=\"caption-attachment-55\" class=\"wp-caption-text\">gu\u00eatres &#8211; c\u00f4tes 2&#215;2<\/figcaption><\/figure>\n<p>Continuer en point de torsade avec les aiguilles 3.5 pendant 35cm<\/p>\n<figure id=\"attachment_56\" aria-describedby=\"caption-attachment-56\" style=\"width: 300px\" class=\"wp-caption alignnone\"><a href=\"https:\/\/petitmammouthlaineux.fr\/wp-content\/uploads\/IMG_1542.jpg\"><img loading=\"lazy\" decoding=\"async\" class=\"size-medium wp-image-56\" alt=\"gu\u00eatres - point de torsade\" src=\"https:\/\/petitmammouthlaineux.fr\/wp-content\/uploads\/IMG_1542-300x225.jpg\" width=\"300\" height=\"225\" srcset=\"https:\/\/petitmammouthlaineux.fr\/wp-content\/uploads\/IMG_1542-300x225.jpg 300w, https:\/\/petitmammouthlaineux.fr\/wp-content\/uploads\/IMG_1542.jpg 1024w\" sizes=\"(max-width: 300px) 85vw, 300px\" \/><\/a><figcaption id=\"caption-attachment-56\" class=\"wp-caption-text\">gu\u00eatres &#8211; point de torsade<\/figcaption><\/figure>\n<p>Terminer par 5cm de c\u00f4tes 2&#215;2 avec les aiguilles 3.<\/p>\n<p>Tricoter une seconde gu\u00eatre identique<\/p>\n<figure id=\"attachment_60\" aria-describedby=\"caption-attachment-60\" style=\"width: 225px\" class=\"wp-caption alignnone\"><a href=\"https:\/\/petitmammouthlaineux.fr\/wp-content\/uploads\/IMG_1550.jpg\"><img loading=\"lazy\" decoding=\"async\" class=\"size-medium wp-image-60\" alt=\"une belle paire de gu\u00eatres !\" src=\"https:\/\/petitmammouthlaineux.fr\/wp-content\/uploads\/IMG_1550-225x300.jpg\" width=\"225\" height=\"300\" srcset=\"https:\/\/petitmammouthlaineux.fr\/wp-content\/uploads\/IMG_1550-225x300.jpg 225w, https:\/\/petitmammouthlaineux.fr\/wp-content\/uploads\/IMG_1550.jpg 768w\" sizes=\"(max-width: 225px) 85vw, 225px\" \/><\/a><figcaption id=\"caption-attachment-60\" class=\"wp-caption-text\">une belle paire de gu\u00eatres !<\/figcaption><\/figure>\n<p>&nbsp;<\/p>\n<p>&nbsp;<\/p>\n","protected":false},"excerpt":{"rendered":"<p>Tuto\u00a0adapt\u00e9 du mod\u00e8le \u00ab\u00a0Gu\u00eatres tress\u00e9es\u00a0\u00bb par Knit Picks Design\u00a0 Laine utilis\u00e9e : Impact 3.5 de Phildar (3 pelotes) mais cette qualit\u00e9 n&rsquo;\u00e9tant plus commercialis\u00e9e, voici les indications pour lui substituer une autre qualit\u00e9 : \u00e9chantillon de 10cm : 23mx30rgs (aig.3.5) m\u00e9trage pour une pelote environ 134m J&rsquo;ai tricot\u00e9 en rond avec des aiguilles \u00e0 double &hellip; <a href=\"https:\/\/petitmammouthlaineux.fr\/?page_id=173\" class=\"more-link\">Continuer la lecture<span class=\"screen-reader-text\"> de &laquo;&nbsp;Gu\u00eatres&nbsp;&raquo;<\/span><\/a><\/p>\n","protected":false},"author":1,"featured_media":0,"parent":241,"menu_order":0,"comment_status":"open","ping_status":"open","template":"","meta":{"footnotes":""},"class_list":["post-173","page","type-page","status-publish","hentry"],"_links":{"self":[{"href":"https:\/\/petitmammouthlaineux.fr\/index.php?rest_route=\/wp\/v2\/pages\/173"}],"collection":[{"href":"https:\/\/petitmammouthlaineux.fr\/index.php?rest_route=\/wp\/v2\/pages"}],"about":[{"href":"https:\/\/petitmammouthlaineux.fr\/index.php?rest_route=\/wp\/v2\/types\/page"}],"author":[{"embeddable":true,"href":"https:\/\/petitmammouthlaineux.fr\/index.php?rest_route=\/wp\/v2\/users\/1"}],"replies":[{"embeddable":true,"href":"https:\/\/petitmammouthlaineux.fr\/index.php?rest_route=%2Fwp%2Fv2%2Fcomments&post=173"}],"version-history":[{"count":0,"href":"https:\/\/petitmammouthlaineux.fr\/index.php?rest_route=\/wp\/v2\/pages\/173\/revisions"}],"up":[{"embeddable":true,"href":"https:\/\/petitmammouthlaineux.fr\/index.php?rest_route=\/wp\/v2\/pages\/241"}],"wp:attachment":[{"href":"https:\/\/petitmammouthlaineux.fr\/index.php?rest_route=%2Fwp%2Fv2%2Fmedia&parent=173"}],"curies":[{"name":"wp","href":"https:\/\/api.w.org\/{rel}","templated":true}]}}