{"id":2417,"date":"2014-03-11T18:55:16","date_gmt":"2014-03-11T17:55:16","guid":{"rendered":"http:\/\/petitmammouthlaineux.fr\/?page_id=2417"},"modified":"2014-03-11T18:55:16","modified_gmt":"2014-03-11T17:55:16","slug":"chaussons","status":"publish","type":"page","link":"https:\/\/petitmammouthlaineux.fr\/?page_id=2417","title":{"rendered":"Chaussons"},"content":{"rendered":"<figure id=\"attachment_2093\" aria-describedby=\"caption-attachment-2093\" style=\"width: 300px\" class=\"wp-caption alignleft\"><a href=\"https:\/\/petitmammouthlaineux.fr\/wp-content\/uploads\/IMG_3240.jpg\"><img loading=\"lazy\" decoding=\"async\" class=\"size-medium wp-image-2093\" alt=\"Chaussons\" src=\"https:\/\/petitmammouthlaineux.fr\/wp-content\/uploads\/IMG_3240-300x225.jpg\" width=\"300\" height=\"225\" srcset=\"https:\/\/petitmammouthlaineux.fr\/wp-content\/uploads\/IMG_3240-300x225.jpg 300w, https:\/\/petitmammouthlaineux.fr\/wp-content\/uploads\/IMG_3240.jpg 1024w\" sizes=\"(max-width: 300px) 85vw, 300px\" \/><\/a><figcaption id=\"caption-attachment-2093\" class=\"wp-caption-text\">Chaussons<\/figcaption><\/figure>\n<p>&nbsp;<\/p>\n<p><a href=\"http:\/\/www.garnstudio.com\/lang\/fr\/visoppskrift.php?d_nr=117&amp;d_id=30&amp;lang=fr\">Mod\u00e8le Drops<\/a><\/p>\n<p>R\u00e9alis\u00e9 en\u00a0 Polaris.<\/p>\n<p>une grosse laine bien chaude et facile \u00e0 tricoter !<\/p>\n<p>&nbsp;<\/p>\n","protected":false},"excerpt":{"rendered":"<p>&nbsp; Mod\u00e8le Drops R\u00e9alis\u00e9 en\u00a0 Polaris. une grosse laine bien chaude et facile \u00e0 tricoter ! &nbsp;<\/p>\n","protected":false},"author":1,"featured_media":0,"parent":257,"menu_order":0,"comment_status":"open","ping_status":"open","template":"","meta":{"footnotes":""},"class_list":["post-2417","page","type-page","status-publish","hentry"],"_links":{"self":[{"href":"https:\/\/petitmammouthlaineux.fr\/index.php?rest_route=\/wp\/v2\/pages\/2417"}],"collection":[{"href":"https:\/\/petitmammouthlaineux.fr\/index.php?rest_route=\/wp\/v2\/pages"}],"about":[{"href":"https:\/\/petitmammouthlaineux.fr\/index.php?rest_route=\/wp\/v2\/types\/page"}],"author":[{"embeddable":true,"href":"https:\/\/petitmammouthlaineux.fr\/index.php?rest_route=\/wp\/v2\/users\/1"}],"replies":[{"embeddable":true,"href":"https:\/\/petitmammouthlaineux.fr\/index.php?rest_route=%2Fwp%2Fv2%2Fcomments&post=2417"}],"version-history":[{"count":0,"href":"https:\/\/petitmammouthlaineux.fr\/index.php?rest_route=\/wp\/v2\/pages\/2417\/revisions"}],"up":[{"embeddable":true,"href":"https:\/\/petitmammouthlaineux.fr\/index.php?rest_route=\/wp\/v2\/pages\/257"}],"wp:attachment":[{"href":"https:\/\/petitmammouthlaineux.fr\/index.php?rest_route=%2Fwp%2Fv2%2Fmedia&parent=2417"}],"curies":[{"name":"wp","href":"https:\/\/api.w.org\/{rel}","templated":true}]}}