{"id":2502,"date":"2014-04-20T10:01:39","date_gmt":"2014-04-20T09:01:39","guid":{"rendered":"http:\/\/petitmammouthlaineux.fr\/?page_id=2502"},"modified":"2014-04-20T10:01:39","modified_gmt":"2014-04-20T09:01:39","slug":"accessoires-en-jacquard","status":"publish","type":"page","link":"https:\/\/petitmammouthlaineux.fr\/?page_id=2502","title":{"rendered":"Accessoires en jacquard"},"content":{"rendered":"<p><a href=\"https:\/\/petitmammouthlaineux.fr\/wp-content\/uploads\/accessoires-en-jacquard.jpg\"><img loading=\"lazy\" decoding=\"async\" class=\"alignleft size-medium wp-image-2456\" alt=\"accessoires en jacquard\" src=\"https:\/\/petitmammouthlaineux.fr\/wp-content\/uploads\/accessoires-en-jacquard-242x300.jpg\" width=\"242\" height=\"300\" srcset=\"https:\/\/petitmammouthlaineux.fr\/wp-content\/uploads\/accessoires-en-jacquard-242x300.jpg 242w, https:\/\/petitmammouthlaineux.fr\/wp-content\/uploads\/accessoires-en-jacquard.jpg 385w\" sizes=\"(max-width: 242px) 85vw, 242px\" \/><\/a><\/p>\n<p>de Tomo Sugiyama aux \u00e9ditions de Saxe<\/p>\n<p>Un livre plein de tr\u00e8s jolis mod\u00e8les qui peut \u00e9galement servir de source d&rsquo;inspiration pour des pulls en jacquard.<\/p>\n<p>Les motifs g\u00e9om\u00e9triques et animaliers sont r\u00e9utilisables \u00e0 l&rsquo;infini.<\/p>\n<p>&nbsp;<\/p>\n<p>&nbsp;<\/p>\n<p>Le livre propose 23 mod\u00e8les de bonnets, mitaines, gu\u00eatres, gants, snood, b\u00e9rets, ceintures.<\/p>\n<p><a href=\"https:\/\/petitmammouthlaineux.fr\/wp-content\/uploads\/IMG_3772.jpg\"><img loading=\"lazy\" decoding=\"async\" class=\"alignleft size-medium wp-image-2497\" alt=\"IMG_3772\" src=\"https:\/\/petitmammouthlaineux.fr\/wp-content\/uploads\/IMG_3772-300x225.jpg\" width=\"300\" height=\"225\" srcset=\"https:\/\/petitmammouthlaineux.fr\/wp-content\/uploads\/IMG_3772-300x225.jpg 300w, https:\/\/petitmammouthlaineux.fr\/wp-content\/uploads\/IMG_3772.jpg 1024w\" sizes=\"(max-width: 300px) 85vw, 300px\" \/><\/a><\/p>\n<p>3 le\u00e7ons film\u00e9es tr\u00e8s utiles compl\u00e8tent les explications. Il faut s&rsquo;y reporter pour compl\u00e9ter la pr\u00e9sentation de chaque mod\u00e8le.<\/p>\n","protected":false},"excerpt":{"rendered":"<p>de Tomo Sugiyama aux \u00e9ditions de Saxe Un livre plein de tr\u00e8s jolis mod\u00e8les qui peut \u00e9galement servir de source d&rsquo;inspiration pour des pulls en jacquard. Les motifs g\u00e9om\u00e9triques et animaliers sont r\u00e9utilisables \u00e0 l&rsquo;infini. &nbsp; &nbsp; Le livre propose 23 mod\u00e8les de bonnets, mitaines, gu\u00eatres, gants, snood, b\u00e9rets, ceintures. 3 le\u00e7ons film\u00e9es tr\u00e8s utiles &hellip; <a href=\"https:\/\/petitmammouthlaineux.fr\/?page_id=2502\" class=\"more-link\">Continuer la lecture<span class=\"screen-reader-text\"> de &laquo;&nbsp;Accessoires en jacquard&nbsp;&raquo;<\/span><\/a><\/p>\n","protected":false},"author":1,"featured_media":0,"parent":256,"menu_order":0,"comment_status":"open","ping_status":"open","template":"","meta":{"footnotes":""},"class_list":["post-2502","page","type-page","status-publish","hentry"],"_links":{"self":[{"href":"https:\/\/petitmammouthlaineux.fr\/index.php?rest_route=\/wp\/v2\/pages\/2502"}],"collection":[{"href":"https:\/\/petitmammouthlaineux.fr\/index.php?rest_route=\/wp\/v2\/pages"}],"about":[{"href":"https:\/\/petitmammouthlaineux.fr\/index.php?rest_route=\/wp\/v2\/types\/page"}],"author":[{"embeddable":true,"href":"https:\/\/petitmammouthlaineux.fr\/index.php?rest_route=\/wp\/v2\/users\/1"}],"replies":[{"embeddable":true,"href":"https:\/\/petitmammouthlaineux.fr\/index.php?rest_route=%2Fwp%2Fv2%2Fcomments&post=2502"}],"version-history":[{"count":0,"href":"https:\/\/petitmammouthlaineux.fr\/index.php?rest_route=\/wp\/v2\/pages\/2502\/revisions"}],"up":[{"embeddable":true,"href":"https:\/\/petitmammouthlaineux.fr\/index.php?rest_route=\/wp\/v2\/pages\/256"}],"wp:attachment":[{"href":"https:\/\/petitmammouthlaineux.fr\/index.php?rest_route=%2Fwp%2Fv2%2Fmedia&parent=2502"}],"curies":[{"name":"wp","href":"https:\/\/api.w.org\/{rel}","templated":true}]}}