{"id":254,"date":"2013-03-31T16:24:34","date_gmt":"2013-03-31T15:24:34","guid":{"rendered":"http:\/\/petitmammouthlaineux.fr\/?page_id=254"},"modified":"2017-01-06T20:12:50","modified_gmt":"2017-01-06T19:12:50","slug":"creations","status":"publish","type":"page","link":"https:\/\/petitmammouthlaineux.fr\/?page_id=254","title":{"rendered":"Cr\u00e9ations"},"content":{"rendered":"<p><a href=\"https:\/\/petitmammouthlaineux.fr\/wp-content\/uploads\/IMG_47711.jpg\"><img loading=\"lazy\" decoding=\"async\" class=\"alignleft size-thumbnail wp-image-3284\" src=\"https:\/\/petitmammouthlaineux.fr\/wp-content\/uploads\/IMG_47711-150x150.jpg\" alt=\"IMG_4771\" width=\"150\" height=\"150\" \/><\/a><a href=\"https:\/\/petitmammouthlaineux.fr\/wp-content\/uploads\/IMG_4586.jpg\"><img loading=\"lazy\" decoding=\"async\" class=\"alignleft size-thumbnail wp-image-3127\" src=\"https:\/\/petitmammouthlaineux.fr\/wp-content\/uploads\/IMG_4586-150x150.jpg\" alt=\"IMG_4586\" width=\"150\" height=\"150\" \/><\/a><a href=\"https:\/\/petitmammouthlaineux.fr\/wp-content\/uploads\/IMG_2893.jpg\"><img loading=\"lazy\" decoding=\"async\" class=\"alignnone wp-image-1868 size-thumbnail\" src=\"https:\/\/petitmammouthlaineux.fr\/wp-content\/uploads\/IMG_2893-150x150.jpg\" alt=\"\" width=\"150\" height=\"150\" \/><\/a><\/p>\n<p><a href=\"https:\/\/petitmammouthlaineux.fr\/wp-content\/uploads\/IMG_1807.jpg\"><img loading=\"lazy\" decoding=\"async\" class=\"alignleft wp-image-676 size-thumbnail\" src=\"https:\/\/petitmammouthlaineux.fr\/wp-content\/uploads\/IMG_1807-150x150.jpg\" alt=\"robe rouge\" width=\"150\" height=\"150\" \/><\/a><a href=\"https:\/\/petitmammouthlaineux.fr\/wp-content\/uploads\/IMG_1550.jpg\"><img loading=\"lazy\" decoding=\"async\" class=\"alignnone wp-image-60 size-thumbnail\" src=\"https:\/\/petitmammouthlaineux.fr\/wp-content\/uploads\/IMG_1550-150x150.jpg\" alt=\"\" width=\"150\" height=\"150\" \/><\/a><a href=\"https:\/\/petitmammouthlaineux.fr\/wp-content\/uploads\/IMG_4737.jpg\"><img loading=\"lazy\" decoding=\"async\" class=\"alignleft size-thumbnail wp-image-3243\" src=\"https:\/\/petitmammouthlaineux.fr\/wp-content\/uploads\/IMG_4737-150x150.jpg\" alt=\"IMG_4737\" width=\"150\" height=\"150\" \/><\/a><\/p>\n<p><a href=\"https:\/\/petitmammouthlaineux.fr\/wp-content\/uploads\/IMG_43631.jpg\"><img loading=\"lazy\" decoding=\"async\" class=\"alignleft wp-image-3052 size-thumbnail\" src=\"https:\/\/petitmammouthlaineux.fr\/wp-content\/uploads\/IMG_43631-150x150.jpg\" alt=\"Robe \u00e0 fleurs\" width=\"150\" height=\"150\" srcset=\"https:\/\/petitmammouthlaineux.fr\/wp-content\/uploads\/IMG_43631-150x150.jpg 150w, https:\/\/petitmammouthlaineux.fr\/wp-content\/uploads\/IMG_43631-300x300.jpg 300w, https:\/\/petitmammouthlaineux.fr\/wp-content\/uploads\/IMG_43631.jpg 1024w\" sizes=\"(max-width: 150px) 85vw, 150px\" \/><\/a><a href=\"https:\/\/petitmammouthlaineux.fr\/wp-content\/uploads\/IMG_3895.jpg\"><img loading=\"lazy\" decoding=\"async\" class=\"alignleft size-thumbnail wp-image-2609\" src=\"https:\/\/petitmammouthlaineux.fr\/wp-content\/uploads\/IMG_3895-150x150.jpg\" alt=\"IMG_3895\" width=\"150\" height=\"150\" \/><\/a><a href=\"https:\/\/petitmammouthlaineux.fr\/wp-content\/uploads\/IMG_3734.jpg\"><img loading=\"lazy\" decoding=\"async\" class=\"alignleft size-thumbnail wp-image-2462\" src=\"https:\/\/petitmammouthlaineux.fr\/wp-content\/uploads\/IMG_3734-150x150.jpg\" alt=\"IMG_3734\" width=\"150\" height=\"150\" \/><\/a><\/p>\n<p>&nbsp;<\/p>\n<p>&nbsp;<\/p>\n<p><a href=\"https:\/\/petitmammouthlaineux.fr\/wp-content\/uploads\/IMG_3285.jpg\"><img loading=\"lazy\" decoding=\"async\" class=\"alignleft wp-image-2288 size-thumbnail\" src=\"https:\/\/petitmammouthlaineux.fr\/wp-content\/uploads\/IMG_3285-150x150.jpg\" alt=\"Housse tablette\" width=\"150\" height=\"150\" \/><\/a><a href=\"https:\/\/petitmammouthlaineux.fr\/wp-content\/uploads\/IMG_3035.jpg\"><img loading=\"lazy\" decoding=\"async\" class=\"alignleft size-thumbnail wp-image-2035\" src=\"https:\/\/petitmammouthlaineux.fr\/wp-content\/uploads\/IMG_3035-150x150.jpg\" alt=\"IMG_3035\" width=\"150\" height=\"150\" \/><\/a><a href=\"https:\/\/petitmammouthlaineux.fr\/wp-content\/uploads\/IMG_3026.jpg\"><img loading=\"lazy\" decoding=\"async\" class=\"alignleft size-thumbnail wp-image-2026\" src=\"https:\/\/petitmammouthlaineux.fr\/wp-content\/uploads\/IMG_3026-150x150.jpg\" alt=\"IMG_3026\" width=\"150\" height=\"150\" \/><\/a><\/p>\n<p><a href=\"https:\/\/petitmammouthlaineux.fr\/wp-content\/uploads\/IMG_2408.jpg\"><img loading=\"lazy\" decoding=\"async\" class=\"alignleft wp-image-1299 size-thumbnail\" src=\"https:\/\/petitmammouthlaineux.fr\/wp-content\/uploads\/IMG_2408-150x150.jpg\" alt=\"d\u00e9bardeur bicolore\" width=\"150\" height=\"150\" \/><\/a><\/p>\n<p><a href=\"https:\/\/petitmammouthlaineux.fr\/wp-content\/uploads\/IMG_2580.jpg\"><img loading=\"lazy\" decoding=\"async\" class=\"alignleft wp-image-1423 size-thumbnail\" src=\"https:\/\/petitmammouthlaineux.fr\/wp-content\/uploads\/IMG_2580-150x150.jpg\" alt=\"Ch\u00e2le &quot;Jardin \u00e0 la fran\u00e7aise&quot;\" width=\"150\" height=\"150\" \/><\/a><a href=\"https:\/\/petitmammouthlaineux.fr\/wp-content\/uploads\/IMG_2211.jpg\"><img loading=\"lazy\" decoding=\"async\" class=\"alignleft size-thumbnail wp-image-934\" src=\"https:\/\/petitmammouthlaineux.fr\/wp-content\/uploads\/IMG_2211-150x150.jpg\" alt=\"IMG_2211\" width=\"150\" height=\"150\" \/><\/a><\/p>\n<p><a href=\"https:\/\/petitmammouthlaineux.fr\/wp-content\/uploads\/IMG_16781.jpg\"><img loading=\"lazy\" decoding=\"async\" class=\"alignleft wp-image-342 size-thumbnail\" src=\"https:\/\/petitmammouthlaineux.fr\/wp-content\/uploads\/IMG_16781-150x150.jpg\" alt=\"pull court \" width=\"150\" height=\"150\" \/><\/a><\/p>\n<p><a href=\"https:\/\/petitmammouthlaineux.fr\/wp-content\/uploads\/IMG_1657.jpg\"><img loading=\"lazy\" decoding=\"async\" class=\"alignleft wp-image-738 size-thumbnail\" src=\"https:\/\/petitmammouthlaineux.fr\/wp-content\/uploads\/IMG_1657-150x150.jpg\" alt=\"bol\u00e9ro\" width=\"150\" height=\"150\" \/><\/a><\/p>\n<p><a href=\"https:\/\/petitmammouthlaineux.fr\/wp-content\/uploads\/IMG_1559.jpg\"><img loading=\"lazy\" decoding=\"async\" class=\"alignleft wp-image-69 size-thumbnail\" src=\"https:\/\/petitmammouthlaineux.fr\/wp-content\/uploads\/IMG_1559-150x150.jpg\" alt=\"housse portable\" width=\"150\" height=\"150\" \/><\/a><a href=\"https:\/\/petitmammouthlaineux.fr\/wp-content\/uploads\/P1450132.jpg\"><img loading=\"lazy\" decoding=\"async\" class=\"alignleft size-thumbnail wp-image-5084\" src=\"https:\/\/petitmammouthlaineux.fr\/wp-content\/uploads\/P1450132-150x150.jpg\" alt=\"P1450132\" width=\"150\" height=\"150\" \/><\/a><a href=\"https:\/\/petitmammouthlaineux.fr\/wp-content\/uploads\/P1440091.jpg\"><img loading=\"lazy\" decoding=\"async\" class=\"alignleft size-thumbnail wp-image-4897\" src=\"https:\/\/petitmammouthlaineux.fr\/wp-content\/uploads\/P1440091-150x150.jpg\" alt=\"P1440091\" width=\"150\" height=\"150\" \/><\/a><a href=\"https:\/\/petitmammouthlaineux.fr\/wp-content\/uploads\/P1430575.jpg\"><img loading=\"lazy\" decoding=\"async\" class=\"alignleft size-thumbnail wp-image-4716\" src=\"https:\/\/petitmammouthlaineux.fr\/wp-content\/uploads\/P1430575-150x150.jpg\" alt=\"P1430575\" width=\"150\" height=\"150\" \/><\/a><a href=\"https:\/\/petitmammouthlaineux.fr\/wp-content\/uploads\/P1430545.jpg\"><img loading=\"lazy\" decoding=\"async\" class=\"alignleft size-thumbnail wp-image-4692\" src=\"https:\/\/petitmammouthlaineux.fr\/wp-content\/uploads\/P1430545-150x150.jpg\" alt=\"P1430545\" width=\"150\" height=\"150\" \/><\/a><a href=\"https:\/\/petitmammouthlaineux.fr\/wp-content\/uploads\/P1430226.jpg\"><img loading=\"lazy\" decoding=\"async\" class=\"alignleft size-thumbnail wp-image-4455\" src=\"https:\/\/petitmammouthlaineux.fr\/wp-content\/uploads\/P1430226-150x150.jpg\" alt=\"P1430226\" width=\"150\" height=\"150\" \/><\/a><a href=\"https:\/\/petitmammouthlaineux.fr\/wp-content\/uploads\/IMG_5772.jpg\"><img loading=\"lazy\" decoding=\"async\" class=\"alignleft size-thumbnail wp-image-4315\" src=\"https:\/\/petitmammouthlaineux.fr\/wp-content\/uploads\/IMG_5772-150x150.jpg\" alt=\"IMG_5772\" width=\"150\" height=\"150\" \/><\/a><\/p>\n","protected":false},"excerpt":{"rendered":"<p>&nbsp; &nbsp;<\/p>\n","protected":false},"author":1,"featured_media":0,"parent":0,"menu_order":2,"comment_status":"open","ping_status":"open","template":"","meta":{"footnotes":""},"class_list":["post-254","page","type-page","status-publish","hentry"],"_links":{"self":[{"href":"https:\/\/petitmammouthlaineux.fr\/index.php?rest_route=\/wp\/v2\/pages\/254"}],"collection":[{"href":"https:\/\/petitmammouthlaineux.fr\/index.php?rest_route=\/wp\/v2\/pages"}],"about":[{"href":"https:\/\/petitmammouthlaineux.fr\/index.php?rest_route=\/wp\/v2\/types\/page"}],"author":[{"embeddable":true,"href":"https:\/\/petitmammouthlaineux.fr\/index.php?rest_route=\/wp\/v2\/users\/1"}],"replies":[{"embeddable":true,"href":"https:\/\/petitmammouthlaineux.fr\/index.php?rest_route=%2Fwp%2Fv2%2Fcomments&post=254"}],"version-history":[{"count":0,"href":"https:\/\/petitmammouthlaineux.fr\/index.php?rest_route=\/wp\/v2\/pages\/254\/revisions"}],"wp:attachment":[{"href":"https:\/\/petitmammouthlaineux.fr\/index.php?rest_route=%2Fwp%2Fv2%2Fmedia&parent=254"}],"curies":[{"name":"wp","href":"https:\/\/api.w.org\/{rel}","templated":true}]}}