{"id":2571,"date":"2014-05-07T15:21:37","date_gmt":"2014-05-07T14:21:37","guid":{"rendered":"http:\/\/petitmammouthlaineux.fr\/?page_id=2571"},"modified":"2022-03-13T17:56:09","modified_gmt":"2022-03-13T15:56:09","slug":"mistral-baby-de-sesia","status":"publish","type":"page","link":"https:\/\/petitmammouthlaineux.fr\/?page_id=2571","title":{"rendered":"Mistral Baby de Sesia"},"content":{"rendered":"<p><a href=\"https:\/\/petitmammouthlaineux.fr\/wp-content\/uploads\/IMG_3780.jpg\"><img loading=\"lazy\" decoding=\"async\" class=\"alignleft size-medium wp-image-2510\" alt=\"IMG_3780\" src=\"https:\/\/petitmammouthlaineux.fr\/wp-content\/uploads\/IMG_3780-300x225.jpg\" width=\"300\" height=\"225\" srcset=\"https:\/\/petitmammouthlaineux.fr\/wp-content\/uploads\/IMG_3780-300x225.jpg 300w, https:\/\/petitmammouthlaineux.fr\/wp-content\/uploads\/IMG_3780.jpg 1024w\" sizes=\"(max-width: 300px) 85vw, 300px\" \/><\/a><a href=\"https:\/\/petitmammouthlaineux.fr\/wp-content\/uploads\/IMG_3390.jpg\"><img loading=\"lazy\" decoding=\"async\" class=\"size-medium wp-image-2433 alignnone\" alt=\"IMG_3390\" src=\"https:\/\/petitmammouthlaineux.fr\/wp-content\/uploads\/IMG_3390-300x225.jpg\" width=\"300\" height=\"225\" srcset=\"https:\/\/petitmammouthlaineux.fr\/wp-content\/uploads\/IMG_3390-300x225.jpg 300w, https:\/\/petitmammouthlaineux.fr\/wp-content\/uploads\/IMG_3390.jpg 1024w\" sizes=\"(max-width: 300px) 85vw, 300px\" \/><\/a><\/p>\n<p><strong>Pelotes <\/strong>de 50g environ 175m<\/p>\n<p><strong>Composition <\/strong>: 100% laine m\u00e9rinos<\/p>\n<p><strong>Echantillon <\/strong>10cmx10cm : 26mx34 rgs (aig.3)<\/p>\n<p>il faut 2 pelotes pour faire une paire de chaussettes ou une brassi\u00e8re (aig.3)<\/p>\n<p>Une laine qui fait du jacquard toute seule gr\u00e2ce \u00e0 son fil bariol\u00e9 !<\/p>\n<p>Id\u00e9ale pour les petits accessoires (chaussettes notamment) et la layette<\/p>\n<p><strong>R\u00e9alis\u00e9s avec ce fil<\/strong> :<\/p>\n<figure id=\"attachment_2536\" aria-describedby=\"caption-attachment-2536\" style=\"width: 300px\" class=\"wp-caption alignnone\"><a href=\"https:\/\/petitmammouthlaineux.fr\/wp-content\/uploads\/IMG_3858.jpg\"><img loading=\"lazy\" decoding=\"async\" class=\"size-medium wp-image-2536 \" alt=\"IMG_3858\" src=\"https:\/\/petitmammouthlaineux.fr\/wp-content\/uploads\/IMG_3858-300x225.jpg\" width=\"300\" height=\"225\" srcset=\"https:\/\/petitmammouthlaineux.fr\/wp-content\/uploads\/IMG_3858-300x225.jpg 300w, https:\/\/petitmammouthlaineux.fr\/wp-content\/uploads\/IMG_3858.jpg 1024w\" sizes=\"(max-width: 300px) 85vw, 300px\" \/><\/a><figcaption id=\"caption-attachment-2536\" class=\"wp-caption-text\">Brassi\u00e8re<\/figcaption><\/figure>\n<figure id=\"attachment_2460\" aria-describedby=\"caption-attachment-2460\" style=\"width: 300px\" class=\"wp-caption alignright\"><a href=\"https:\/\/petitmammouthlaineux.fr\/wp-content\/uploads\/IMG_3732.jpg\"><img loading=\"lazy\" decoding=\"async\" class=\"size-medium wp-image-2460 \" alt=\"IMG_3732\" src=\"https:\/\/petitmammouthlaineux.fr\/wp-content\/uploads\/IMG_3732-300x225.jpg\" width=\"300\" height=\"225\" srcset=\"https:\/\/petitmammouthlaineux.fr\/wp-content\/uploads\/IMG_3732-300x225.jpg 300w, https:\/\/petitmammouthlaineux.fr\/wp-content\/uploads\/IMG_3732.jpg 1024w\" sizes=\"(max-width: 300px) 85vw, 300px\" \/><\/a><figcaption id=\"caption-attachment-2460\" class=\"wp-caption-text\">Chaussettes jacquard<\/figcaption><\/figure>\n","protected":false},"excerpt":{"rendered":"<p>Pelotes de 50g environ 175m Composition : 100% laine m\u00e9rinos Echantillon 10cmx10cm : 26mx34 rgs (aig.3) il faut 2 pelotes pour faire une paire de chaussettes ou une brassi\u00e8re (aig.3) Une laine qui fait du jacquard toute seule gr\u00e2ce \u00e0 son fil bariol\u00e9 ! Id\u00e9ale pour les petits accessoires (chaussettes notamment) et la layette R\u00e9alis\u00e9s &hellip; <a href=\"https:\/\/petitmammouthlaineux.fr\/?page_id=2571\" class=\"more-link\">Continuer la lecture<span class=\"screen-reader-text\"> de &laquo;&nbsp;Mistral Baby de Sesia&nbsp;&raquo;<\/span><\/a><\/p>\n","protected":false},"author":1,"featured_media":0,"parent":381,"menu_order":0,"comment_status":"open","ping_status":"open","template":"","meta":{"footnotes":""},"class_list":["post-2571","page","type-page","status-publish","hentry"],"_links":{"self":[{"href":"https:\/\/petitmammouthlaineux.fr\/index.php?rest_route=\/wp\/v2\/pages\/2571"}],"collection":[{"href":"https:\/\/petitmammouthlaineux.fr\/index.php?rest_route=\/wp\/v2\/pages"}],"about":[{"href":"https:\/\/petitmammouthlaineux.fr\/index.php?rest_route=\/wp\/v2\/types\/page"}],"author":[{"embeddable":true,"href":"https:\/\/petitmammouthlaineux.fr\/index.php?rest_route=\/wp\/v2\/users\/1"}],"replies":[{"embeddable":true,"href":"https:\/\/petitmammouthlaineux.fr\/index.php?rest_route=%2Fwp%2Fv2%2Fcomments&post=2571"}],"version-history":[{"count":0,"href":"https:\/\/petitmammouthlaineux.fr\/index.php?rest_route=\/wp\/v2\/pages\/2571\/revisions"}],"up":[{"embeddable":true,"href":"https:\/\/petitmammouthlaineux.fr\/index.php?rest_route=\/wp\/v2\/pages\/381"}],"wp:attachment":[{"href":"https:\/\/petitmammouthlaineux.fr\/index.php?rest_route=%2Fwp%2Fv2%2Fmedia&parent=2571"}],"curies":[{"name":"wp","href":"https:\/\/api.w.org\/{rel}","templated":true}]}}