{"id":370,"date":"2013-04-03T13:53:28","date_gmt":"2013-04-03T12:53:28","guid":{"rendered":"http:\/\/petitmammouthlaineux.fr\/?page_id=370"},"modified":"2013-04-05T15:33:19","modified_gmt":"2013-04-05T14:33:19","slug":"la-couture-premiers-pas","status":"publish","type":"page","link":"https:\/\/petitmammouthlaineux.fr\/?page_id=370","title":{"rendered":"La couture, premiers pas"},"content":{"rendered":"<p><a href=\"http:\/\/www.eyrolles.com\/Loisirs\/Livre\/la-couture-premiers-pas-9782212126310\"><img loading=\"lazy\" decoding=\"async\" class=\"alignleft size-medium wp-image-364\" alt=\"La couture premiers pas\" src=\"https:\/\/petitmammouthlaineux.fr\/wp-content\/uploads\/La-couture-premiers-pas-228x300.jpg\" width=\"228\" height=\"300\" srcset=\"https:\/\/petitmammouthlaineux.fr\/wp-content\/uploads\/La-couture-premiers-pas-228x300.jpg 228w, https:\/\/petitmammouthlaineux.fr\/wp-content\/uploads\/La-couture-premiers-pas.jpg 328w\" sizes=\"(max-width: 228px) 85vw, 228px\" \/><\/a><\/p>\n<p>&nbsp;<\/p>\n<p>Non, ce livre n&rsquo;est pas un intrus dans ce blog !<\/p>\n<p>Un petit livre tr\u00e8s bien fait que l&rsquo;on peut facilement emporter avec soi (et sa machine !). Il explique \u00e9galement comment coudre \u00e0 la main.<\/p>\n<p>Je le recommande pour les couturi\u00e8res d\u00e9butantes comme moi !<\/p>\n<p>&nbsp;<\/p>\n<p>Vous y trouverez des informations et des conseils sur :<\/p>\n<p>Comment se servir d&rsquo;une machine \u00e0 coudre<\/p>\n<p>Utiliser un patron de couture<\/p>\n<p>Les diff\u00e9rentes techniques de base : les boutonni\u00e8res, les pinces, les ourlets, le biais, etc.<\/p>\n<p>Le tout avec de nombreux sch\u00e9mas, des astuces, une rubrique \u00ab\u00a0A savoir\u00a0\u00bb.<\/p>\n<p>&nbsp;<\/p>\n<p>&nbsp;<\/p>\n<p>&nbsp;<\/p>\n","protected":false},"excerpt":{"rendered":"<p>&nbsp; Non, ce livre n&rsquo;est pas un intrus dans ce blog ! Un petit livre tr\u00e8s bien fait que l&rsquo;on peut facilement emporter avec soi (et sa machine !). Il explique \u00e9galement comment coudre \u00e0 la main. Je le recommande pour les couturi\u00e8res d\u00e9butantes comme moi ! &nbsp; Vous y trouverez des informations et des &hellip; <a href=\"https:\/\/petitmammouthlaineux.fr\/?page_id=370\" class=\"more-link\">Continuer la lecture<span class=\"screen-reader-text\"> de &laquo;&nbsp;La couture, premiers pas&nbsp;&raquo;<\/span><\/a><\/p>\n","protected":false},"author":1,"featured_media":0,"parent":256,"menu_order":0,"comment_status":"open","ping_status":"open","template":"","meta":{"footnotes":""},"class_list":["post-370","page","type-page","status-publish","hentry"],"_links":{"self":[{"href":"https:\/\/petitmammouthlaineux.fr\/index.php?rest_route=\/wp\/v2\/pages\/370"}],"collection":[{"href":"https:\/\/petitmammouthlaineux.fr\/index.php?rest_route=\/wp\/v2\/pages"}],"about":[{"href":"https:\/\/petitmammouthlaineux.fr\/index.php?rest_route=\/wp\/v2\/types\/page"}],"author":[{"embeddable":true,"href":"https:\/\/petitmammouthlaineux.fr\/index.php?rest_route=\/wp\/v2\/users\/1"}],"replies":[{"embeddable":true,"href":"https:\/\/petitmammouthlaineux.fr\/index.php?rest_route=%2Fwp%2Fv2%2Fcomments&post=370"}],"version-history":[{"count":0,"href":"https:\/\/petitmammouthlaineux.fr\/index.php?rest_route=\/wp\/v2\/pages\/370\/revisions"}],"up":[{"embeddable":true,"href":"https:\/\/petitmammouthlaineux.fr\/index.php?rest_route=\/wp\/v2\/pages\/256"}],"wp:attachment":[{"href":"https:\/\/petitmammouthlaineux.fr\/index.php?rest_route=%2Fwp%2Fv2%2Fmedia&parent=370"}],"curies":[{"name":"wp","href":"https:\/\/api.w.org\/{rel}","templated":true}]}}