{"id":4850,"date":"2016-04-13T15:54:27","date_gmt":"2016-04-13T14:54:27","guid":{"rendered":"http:\/\/petitmammouthlaineux.fr\/?page_id=4850"},"modified":"2017-01-20T15:04:27","modified_gmt":"2017-01-20T14:04:27","slug":"london-loop","status":"publish","type":"page","link":"https:\/\/petitmammouthlaineux.fr\/?page_id=4850","title":{"rendered":"London Loop"},"content":{"rendered":"<p><a href=\"http:\/\/www.loopknittingshop.com\/\">London Loop<\/a> est une boutique\u00a0 qui outre de la laine propose \u00e9galement des mod\u00e8les originaux. Voici deux ouvrages de cette belle boutique, avec des mod\u00e8les propos\u00e9s par les cr\u00e9atrices Juju Vail et Susan Cropper, mais pas que..<\/p>\n<p><a href=\"https:\/\/petitmammouthlaineux.fr\/wp-content\/uploads\/P1430540.jpg\"><img loading=\"lazy\" decoding=\"async\" class=\"alignleft size-medium wp-image-4669\" src=\"https:\/\/petitmammouthlaineux.fr\/wp-content\/uploads\/P1430540-300x300.jpg\" alt=\"P1430540\" width=\"300\" height=\"300\" srcset=\"https:\/\/petitmammouthlaineux.fr\/wp-content\/uploads\/P1430540-300x300.jpg 300w, https:\/\/petitmammouthlaineux.fr\/wp-content\/uploads\/P1430540-150x150.jpg 150w, https:\/\/petitmammouthlaineux.fr\/wp-content\/uploads\/P1430540.jpg 600w\" sizes=\"(max-width: 300px) 85vw, 300px\" \/><\/a><a href=\"https:\/\/petitmammouthlaineux.fr\/wp-content\/uploads\/P1430537.jpg\"><img loading=\"lazy\" decoding=\"async\" class=\"aligncenter size-medium wp-image-4666\" src=\"https:\/\/petitmammouthlaineux.fr\/wp-content\/uploads\/P1430537-300x300.jpg\" alt=\"P1430537\" width=\"300\" height=\"300\" srcset=\"https:\/\/petitmammouthlaineux.fr\/wp-content\/uploads\/P1430537-300x300.jpg 300w, https:\/\/petitmammouthlaineux.fr\/wp-content\/uploads\/P1430537-150x150.jpg 150w, https:\/\/petitmammouthlaineux.fr\/wp-content\/uploads\/P1430537.jpg 600w\" sizes=\"(max-width: 300px) 85vw, 300px\" \/><\/a>Il s&rsquo;agit essentiellement d&rsquo;accessoires : ch\u00e2les, mitaines.<\/p>\n<p>Les mod\u00e8les sont tr\u00e8s r\u00e9ussis, \u00e7a vaut le coup d&rsquo;apprendre le knitting english language ! en n&rsquo;oubliant pas que ce blog propose un <a href=\"?page_id=3811\">lexique<\/a>.<\/p>\n","protected":false},"excerpt":{"rendered":"<p>London Loop est une boutique\u00a0 qui outre de la laine propose \u00e9galement des mod\u00e8les originaux. Voici deux ouvrages de cette belle boutique, avec des mod\u00e8les propos\u00e9s par les cr\u00e9atrices Juju Vail et Susan Cropper, mais pas que.. Il s&rsquo;agit essentiellement d&rsquo;accessoires : ch\u00e2les, mitaines. Les mod\u00e8les sont tr\u00e8s r\u00e9ussis, \u00e7a vaut le coup d&rsquo;apprendre le &hellip; <a href=\"https:\/\/petitmammouthlaineux.fr\/?page_id=4850\" class=\"more-link\">Continuer la lecture<span class=\"screen-reader-text\"> de &laquo;&nbsp;London Loop&nbsp;&raquo;<\/span><\/a><\/p>\n","protected":false},"author":1,"featured_media":0,"parent":256,"menu_order":0,"comment_status":"open","ping_status":"open","template":"","meta":{"footnotes":""},"class_list":["post-4850","page","type-page","status-publish","hentry"],"_links":{"self":[{"href":"https:\/\/petitmammouthlaineux.fr\/index.php?rest_route=\/wp\/v2\/pages\/4850"}],"collection":[{"href":"https:\/\/petitmammouthlaineux.fr\/index.php?rest_route=\/wp\/v2\/pages"}],"about":[{"href":"https:\/\/petitmammouthlaineux.fr\/index.php?rest_route=\/wp\/v2\/types\/page"}],"author":[{"embeddable":true,"href":"https:\/\/petitmammouthlaineux.fr\/index.php?rest_route=\/wp\/v2\/users\/1"}],"replies":[{"embeddable":true,"href":"https:\/\/petitmammouthlaineux.fr\/index.php?rest_route=%2Fwp%2Fv2%2Fcomments&post=4850"}],"version-history":[{"count":0,"href":"https:\/\/petitmammouthlaineux.fr\/index.php?rest_route=\/wp\/v2\/pages\/4850\/revisions"}],"up":[{"embeddable":true,"href":"https:\/\/petitmammouthlaineux.fr\/index.php?rest_route=\/wp\/v2\/pages\/256"}],"wp:attachment":[{"href":"https:\/\/petitmammouthlaineux.fr\/index.php?rest_route=%2Fwp%2Fv2%2Fmedia&parent=4850"}],"curies":[{"name":"wp","href":"https:\/\/api.w.org\/{rel}","templated":true}]}}