{"id":5275,"date":"2016-10-02T16:53:05","date_gmt":"2016-10-02T15:53:05","guid":{"rendered":"http:\/\/petitmammouthlaineux.fr\/?page_id=5275"},"modified":"2017-03-29T17:18:48","modified_gmt":"2017-03-29T16:18:48","slug":"chales","status":"publish","type":"page","link":"https:\/\/petitmammouthlaineux.fr\/?page_id=5275","title":{"rendered":"Ch\u00e2les"},"content":{"rendered":"<figure id=\"attachment_5088\" aria-describedby=\"caption-attachment-5088\" style=\"width: 150px\" class=\"wp-caption alignleft\"><a href=\"?page_id=5118\"><img loading=\"lazy\" decoding=\"async\" class=\"wp-image-5088 size-thumbnail\" src=\"https:\/\/petitmammouthlaineux.fr\/wp-content\/uploads\/P1450136-150x150.jpg\" alt=\"Ch\u00e2le Bretagne\" width=\"150\" height=\"150\" \/><\/a><figcaption id=\"caption-attachment-5088\" class=\"wp-caption-text\">Ch\u00e2le Bretagne<\/figcaption><\/figure>\n<figure id=\"attachment_5516\" aria-describedby=\"caption-attachment-5516\" style=\"width: 150px\" class=\"wp-caption alignleft\"><a href=\"?page_id=5618\"><img loading=\"lazy\" decoding=\"async\" class=\"wp-image-5516 size-thumbnail\" src=\"https:\/\/petitmammouthlaineux.fr\/wp-content\/uploads\/P1450602-150x150.jpg\" alt=\"Ch\u00e2le Craon\" width=\"150\" height=\"150\" \/><\/a><figcaption id=\"caption-attachment-5516\" class=\"wp-caption-text\">Ch\u00e2le Craon<\/figcaption><\/figure>\n<figure id=\"attachment_5467\" aria-describedby=\"caption-attachment-5467\" style=\"width: 150px\" class=\"wp-caption alignleft\"><a href=\"?page_id=5611\"><img loading=\"lazy\" decoding=\"async\" class=\"wp-image-5467 size-thumbnail\" src=\"https:\/\/petitmammouthlaineux.fr\/wp-content\/uploads\/P1450529-150x150.jpg\" alt=\"P1450529\" width=\"150\" height=\"150\" \/><\/a><figcaption id=\"caption-attachment-5467\" class=\"wp-caption-text\">Building blocks shawl<\/figcaption><\/figure>\n<figure id=\"attachment_1423\" aria-describedby=\"caption-attachment-1423\" style=\"width: 150px\" class=\"wp-caption alignleft\"><a href=\"?page_id=1651\"><img loading=\"lazy\" decoding=\"async\" class=\"wp-image-1423 size-thumbnail\" src=\"https:\/\/petitmammouthlaineux.fr\/wp-content\/uploads\/IMG_2580-150x150.jpg\" alt=\"Ch\u00e2le &quot;Jardin \u00e0 la fran\u00e7aise&quot;\" width=\"150\" height=\"150\" \/><\/a><figcaption id=\"caption-attachment-1423\" class=\"wp-caption-text\">Jardin \u00e0 la fran\u00e7aise<\/figcaption><\/figure>\n<figure id=\"attachment_4919\" aria-describedby=\"caption-attachment-4919\" style=\"width: 150px\" class=\"wp-caption alignleft\"><a href=\"?page_id=5193\"><img loading=\"lazy\" decoding=\"async\" class=\"wp-image-4919 size-thumbnail\" src=\"https:\/\/petitmammouthlaineux.fr\/wp-content\/uploads\/P1440250-150x150.jpg\" alt=\"Meandering Shawl\" width=\"150\" height=\"150\" \/><\/a><figcaption id=\"caption-attachment-4919\" class=\"wp-caption-text\">Meandering shawl<\/figcaption><\/figure>\n<figure id=\"attachment_4315\" aria-describedby=\"caption-attachment-4315\" style=\"width: 150px\" class=\"wp-caption alignleft\"><a href=\"?page_id=5396\"><img loading=\"lazy\" decoding=\"async\" class=\"wp-image-4315 size-thumbnail\" src=\"https:\/\/petitmammouthlaineux.fr\/wp-content\/uploads\/IMG_5772-150x150.jpg\" alt=\"Ch\u00e2le Camille\" width=\"150\" height=\"150\" \/><\/a><figcaption id=\"caption-attachment-4315\" class=\"wp-caption-text\">Ch\u00e2le Camille<\/figcaption><\/figure>\n<figure id=\"attachment_3658\" aria-describedby=\"caption-attachment-3658\" style=\"width: 150px\" class=\"wp-caption alignleft\"><a href=\"?page_id=3879\"><img loading=\"lazy\" decoding=\"async\" class=\"wp-image-3658 size-thumbnail\" src=\"https:\/\/petitmammouthlaineux.fr\/wp-content\/uploads\/IMG_5291-150x150.jpg\" alt=\"Daybreak shawl\" width=\"150\" height=\"150\" \/><\/a><figcaption id=\"caption-attachment-3658\" class=\"wp-caption-text\">Daybreak shawl<\/figcaption><\/figure>\n","protected":false},"excerpt":{"rendered":"","protected":false},"author":1,"featured_media":0,"parent":254,"menu_order":0,"comment_status":"open","ping_status":"open","template":"","meta":{"footnotes":""},"class_list":["post-5275","page","type-page","status-publish","hentry"],"_links":{"self":[{"href":"https:\/\/petitmammouthlaineux.fr\/index.php?rest_route=\/wp\/v2\/pages\/5275"}],"collection":[{"href":"https:\/\/petitmammouthlaineux.fr\/index.php?rest_route=\/wp\/v2\/pages"}],"about":[{"href":"https:\/\/petitmammouthlaineux.fr\/index.php?rest_route=\/wp\/v2\/types\/page"}],"author":[{"embeddable":true,"href":"https:\/\/petitmammouthlaineux.fr\/index.php?rest_route=\/wp\/v2\/users\/1"}],"replies":[{"embeddable":true,"href":"https:\/\/petitmammouthlaineux.fr\/index.php?rest_route=%2Fwp%2Fv2%2Fcomments&post=5275"}],"version-history":[{"count":0,"href":"https:\/\/petitmammouthlaineux.fr\/index.php?rest_route=\/wp\/v2\/pages\/5275\/revisions"}],"up":[{"embeddable":true,"href":"https:\/\/petitmammouthlaineux.fr\/index.php?rest_route=\/wp\/v2\/pages\/254"}],"wp:attachment":[{"href":"https:\/\/petitmammouthlaineux.fr\/index.php?rest_route=%2Fwp%2Fv2%2Fmedia&parent=5275"}],"curies":[{"name":"wp","href":"https:\/\/api.w.org\/{rel}","templated":true}]}}