{"id":5396,"date":"2016-10-25T19:02:17","date_gmt":"2016-10-25T18:02:17","guid":{"rendered":"http:\/\/petitmammouthlaineux.fr\/?page_id=5396"},"modified":"2016-10-25T19:02:17","modified_gmt":"2016-10-25T18:02:17","slug":"chale-camille","status":"publish","type":"page","link":"https:\/\/petitmammouthlaineux.fr\/?page_id=5396","title":{"rendered":"Ch\u00e2le Camille"},"content":{"rendered":"<p><a href=\"https:\/\/petitmammouthlaineux.fr\/wp-content\/uploads\/ch\u00e2le_-Camille.jpg\"><img loading=\"lazy\" decoding=\"async\" class=\"alignleft size-medium wp-image-3084\" src=\"https:\/\/petitmammouthlaineux.fr\/wp-content\/uploads\/ch\u00e2le_-Camille-300x290.jpg\" alt=\"ch\u00e2le_ Camille\" width=\"300\" height=\"290\" srcset=\"https:\/\/petitmammouthlaineux.fr\/wp-content\/uploads\/ch\u00e2le_-Camille-300x290.jpg 300w, https:\/\/petitmammouthlaineux.fr\/wp-content\/uploads\/ch\u00e2le_-Camille.jpg 465w\" sizes=\"(max-width: 300px) 85vw, 300px\" \/><\/a><\/p>\n<p>&nbsp;<\/p>\n<p><strong>Mod\u00e8le<\/strong> de la cr\u00e9atrice Marylene Lynx, vendu en kit par\u00a0<a href=\"http:\/\/www.renaissancedyeing.com\/fr\/products\/camille-shawl-marylene-lynx\/\">Renaissance Dyeing<\/a>.<\/p>\n<p><strong>Qualit\u00e9<\/strong> :Blue-faced Leicester, une 100% pure laine. Dans quatre coloris :\u00a0Ciel(bleu p\u00e2le), Pewter(gris), Purple Passion(violet) et Dill(vert)<\/p>\n<p><strong>Points<\/strong> : rayures en jersey, c\u00f4tes et point de dentelle pour la bordure du bas.<\/p>\n<p>&nbsp;<\/p>\n<p>Le ch\u00e2le se commence par le milieu du haut en rouge.<\/p>\n<p>Les augmentations sont faites en bordure et de part et d&rsquo;autre de la maille centrale.<\/p>\n<p>Pas de difficult\u00e9 particuli\u00e8re, juste de la patience et de la pers\u00e9v\u00e9rance !<\/p>\n<figure id=\"attachment_4314\" aria-describedby=\"caption-attachment-4314\" style=\"width: 300px\" class=\"wp-caption alignleft\"><a href=\"https:\/\/petitmammouthlaineux.fr\/wp-content\/uploads\/IMG_5771.jpg\"><img loading=\"lazy\" decoding=\"async\" class=\"size-medium wp-image-4314\" src=\"https:\/\/petitmammouthlaineux.fr\/wp-content\/uploads\/IMG_5771-300x200.jpg\" alt=\"Ch\u00e2le Camille\" width=\"300\" height=\"200\" srcset=\"https:\/\/petitmammouthlaineux.fr\/wp-content\/uploads\/IMG_5771-300x200.jpg 300w, https:\/\/petitmammouthlaineux.fr\/wp-content\/uploads\/IMG_5771.jpg 1024w\" sizes=\"(max-width: 300px) 85vw, 300px\" \/><\/a><figcaption id=\"caption-attachment-4314\" class=\"wp-caption-text\">Ch\u00e2le Camille<\/figcaption><\/figure>\n<p>&nbsp;<\/p>\n<p>&nbsp;<\/p>\n<p>Voir <a href=\"?paged=2\">post<\/a>.<a href=\"https:\/\/petitmammouthlaineux.fr\/wp-content\/uploads\/IMG_5755.jpg\"><img loading=\"lazy\" decoding=\"async\" class=\"alignright size-medium wp-image-4310\" src=\"https:\/\/petitmammouthlaineux.fr\/wp-content\/uploads\/IMG_5755-300x200.jpg\" alt=\"IMG_5755\" width=\"300\" height=\"200\" srcset=\"https:\/\/petitmammouthlaineux.fr\/wp-content\/uploads\/IMG_5755-300x200.jpg 300w, https:\/\/petitmammouthlaineux.fr\/wp-content\/uploads\/IMG_5755.jpg 1024w\" sizes=\"(max-width: 300px) 85vw, 300px\" \/><\/a><\/p>\n","protected":false},"excerpt":{"rendered":"<p>&nbsp; Mod\u00e8le de la cr\u00e9atrice Marylene Lynx, vendu en kit par\u00a0Renaissance Dyeing. Qualit\u00e9 :Blue-faced Leicester, une 100% pure laine. Dans quatre coloris :\u00a0Ciel(bleu p\u00e2le), Pewter(gris), Purple Passion(violet) et Dill(vert) Points : rayures en jersey, c\u00f4tes et point de dentelle pour la bordure du bas. &nbsp; Le ch\u00e2le se commence par le milieu du haut en &hellip; <a href=\"https:\/\/petitmammouthlaineux.fr\/?page_id=5396\" class=\"more-link\">Continuer la lecture<span class=\"screen-reader-text\"> de &laquo;&nbsp;Ch\u00e2le Camille&nbsp;&raquo;<\/span><\/a><\/p>\n","protected":false},"author":1,"featured_media":0,"parent":5275,"menu_order":0,"comment_status":"open","ping_status":"open","template":"","meta":{"footnotes":""},"class_list":["post-5396","page","type-page","status-publish","hentry"],"_links":{"self":[{"href":"https:\/\/petitmammouthlaineux.fr\/index.php?rest_route=\/wp\/v2\/pages\/5396"}],"collection":[{"href":"https:\/\/petitmammouthlaineux.fr\/index.php?rest_route=\/wp\/v2\/pages"}],"about":[{"href":"https:\/\/petitmammouthlaineux.fr\/index.php?rest_route=\/wp\/v2\/types\/page"}],"author":[{"embeddable":true,"href":"https:\/\/petitmammouthlaineux.fr\/index.php?rest_route=\/wp\/v2\/users\/1"}],"replies":[{"embeddable":true,"href":"https:\/\/petitmammouthlaineux.fr\/index.php?rest_route=%2Fwp%2Fv2%2Fcomments&post=5396"}],"version-history":[{"count":0,"href":"https:\/\/petitmammouthlaineux.fr\/index.php?rest_route=\/wp\/v2\/pages\/5396\/revisions"}],"up":[{"embeddable":true,"href":"https:\/\/petitmammouthlaineux.fr\/index.php?rest_route=\/wp\/v2\/pages\/5275"}],"wp:attachment":[{"href":"https:\/\/petitmammouthlaineux.fr\/index.php?rest_route=%2Fwp%2Fv2%2Fmedia&parent=5396"}],"curies":[{"name":"wp","href":"https:\/\/api.w.org\/{rel}","templated":true}]}}